 of 496617534 and 14070.
2814
What is the highest common factor of 36 and 136371834?
18
What is the highest common factor of 1062138 and 127050?
5082
Calculate the greatest common divisor of 10994 and 931622.
478
Calculate the greatest common divisor of 1861782 and 43524.
78
Calculate the greatest common factor of 7279932 and 165.
33
Calculate the highest common factor of 43650 and 4314560.
970
Calculate the highest common factor of 6624 and 12378024.
72
Calculate the highest common divisor of 48743316 and 249993.
5319
What is the greatest common divisor of 540028 and 22?
2
What is the highest common divisor of 48522399 and 66668?
2381
What is the greatest common factor of 5320341 and 13?
13
What is the greatest common factor of 19737069 and 1991?
11
Calculate the highest common factor of 73246016 and 276544.
9536
Calculate the highest common factor of 4 and 12990452.
4
What is the greatest common factor of 42 and 430356094?
14
Calculate the highest common divisor of 304319 and 221733.
347
Calculate the greatest common factor of 469884 and 20652.
12
What is the greatest common divisor of 51167678 and 47?
47
What is the greatest common divisor of 14868154 and 98?
14
Calculate the highest common divisor of 136850 and 1245930.
1190
Calculate the greatest common factor of 6057 and 100723872.
2019
Calculate the greatest common divisor of 620 and 812560995.
155
Calculate the highest common divisor of 29097 and 16223247.
477
Calculate the greatest common divisor of 1141114 and 1781.
13
Calculate the highest common divisor of 64176 and 9552.
48
Calculate the highest common factor of 623941 and 152.
19
Calculate the highest common divisor of 1372 and 3834348.
196
What is the highest common divisor of 2226518 and 3131198?
5026
Calculate the greatest common divisor of 695 and 6347435.
695
Calculate the highest common factor of 326482641 and 153.
9
What is the greatest common factor of 105546 and 144318?
2154
Calculate the highest common divisor of 97075 and 34925.
275
What is the highest common factor of 1150 and 3871130?
230
Calculate the greatest common divisor of 1591 and 1117.
1
Calculate the greatest common factor of 408 and 12066141.
51
Calculate the greatest common divisor of 433881168 and 336.
336
Calculate the highest common factor of 4161 and 231902239.
1387
Calculate the highest common divisor of 7537740 and 1134.
42
Calculate the greatest common divisor of 5598957 and 273.
273
What is the greatest common factor of 89067 and 4059?
33
What is the greatest common factor of 26 and 313346358?
26
Calculate the greatest common factor of 735 and 5855205.
15
Calculate the greatest common factor of 43876 and 2079409.
1567
Calculate the greatest common divisor of 39 and 19363045.
13
Calculate the greatest common divisor of 50 and 5742190.
10
Calculate the greatest common divisor of 20 and 93496670.
10
What is the greatest common divisor of 16 and 231551576?
8
What is the highest common divisor of 5652 and 165208588?
628
What is the greatest common divisor of 26 and 104544141?
13
Calculate the highest common factor of 139435 and 198211.
79
What is the highest common divisor of 111240 and 101146?
206
Calculate the greatest common divisor of 2522 and 6331.
13
Calculate the highest common factor of 2016850 and 3553.
209
Calculate the highest common divisor of 18 and 714842.
2
Calculate the highest common factor of 56 and 20479403.
7
What is the highest common factor of 672 and 5612592?
48
What is the highest common factor of 706 and 197194?
2
Calculate the greatest common factor of 1294370 and 675290.
770
What is the greatest common divisor of 146200 and 13137600?
3400
What is the greatest common divisor of 4033484 and 805168?
2548
Calculate the greatest common divisor of 31204 and 20561.
29
Calculate the highest common factor of 198473448 and 1528.
1528
Calculate the highest common factor of 206 and 4994058.
206
Calculate the greatest common divisor of 13 and 1146483403.
13
What is the highest common factor of 9703562 and 15433?
253
What is the greatest common factor of 29346262 and 47434?
1282
What is the greatest common divisor of 87696 and 942192?
432
Calculate the greatest common factor of 6536511 and 3267.
27
Calculate the highest common factor of 624 and 27842712.
24
Calculate the highest common divisor of 171 and 1008138366.
171
What is the greatest common factor of 97 and 56196659?
97
What is the highest common divisor of 81467 and 989526?
1987
What is the highest common factor of 2525 and 2378971675?
2525
Calculate the greatest common factor of 5501912 and 1352.
104
What is the highest common factor of 31238315 and 470?
235
What is the greatest common factor of 199747 and 11590?
19
Calculate the highest common factor of 285 and 10481901.
57
Calculate the highest common divisor of 16416 and 13136.
16
What is the highest common factor of 1106149 and 1243?
11
What is the greatest common divisor of 8588440 and 2487?
829
Calculate the highest common factor of 125412393 and 347.
347
Calculate the greatest common divisor of 65280 and 850680.
2040
Calculate the greatest common divisor of 17115 and 29151735.
2445
What is the greatest common factor of 10260 and 120468?
12
What is the highest common factor of 87 and 607986?
3
What is the greatest common factor of 11 and 451157?
1
What is the greatest common divisor of 43358519 and 437?
23
Calculate the highest common divisor of 9053 and 590029.
11
What is the highest common factor of 91160 and 53030?
10
Calculate the greatest common divisor of 592 and 71131464.
296
Calculate the greatest common divisor of 163064332 and 3484.
268
Calculate the greatest common divisor of 760 and 25820050.
190
What is the highest common factor of 6624 and 4234?
2
Calculate the greatest common divisor of 14391524 and 1038.
346
Calculate the highest common divisor of 1332331 and 91.
91
Calculate the highest common divisor of 286 and 40475116.
22
What is the highest common divisor of 440378363 and 3158?
1579
Calculate the greatest common divisor of 24745 and 303.
101
What is the highest common factor of 19162 and 12701?
13
What is the greatest common factor of 34 and 1907066222?
34
What is the highest common factor of 518 and 9293522?
14
What is the highest common factor of 893 and 1440033?
47
Calculate the highest common divisor of 9419231 and 133.
19
What is the highest common divisor of 126488727 and 18?
9
Calculate the highest common divisor of 248 and 428367176.
248
What is the greatest common factor of 25616 and 3879223?
1601
Calculate the greatest common divisor of 110142180 and 524.
524
Calculate the greatest common factor of 3967920 and 3996.
108
Calculate the greatest common divisor of 82235 and 295.
5
Calculate the highest common divisor of 2853 and 4700159.
317
What is the highest common factor of 2207073 and 32571?
1551
What is the highest common factor of 47392 and 5056?
32
What is the highest common divisor of 4803596 and 414?
46
Calculate the greatest common divisor of 3 and 4663083.
3
Calculate the greatest common factor of 42 and 369412778.
14
What is the highest common factor of 925 and 24323875?
25
What is the highest common factor of 252 and 13996668?
84
What is the highest common divisor of 317782 and 168374?
58
Calculate the greatest common factor of 16990545 and 10010.
715
What is the greatest common divisor of 209919 and 181863?
501
What is the greatest common divisor of 500 and 1206120625?
125
What is the greatest common divisor of 530974 and 77786?
3382
What is the greatest common divisor of 88300 and 18400?
100
Calculate the highest common factor of 324982 and 183366.
334
What is the greatest common divisor of 3784 and 563042?
86
What is the highest common divisor of 13 and 43944199?
13
What is the highest common divisor of 934856 and 3172?
52
What is the highest common factor of 752 and 4418376?
376
Calculate the highest common divisor of 320 and 35957280.
160
Calculate the highest common divisor of 45 and 9236610.
45
Calculate the highest common factor of 2100 and 12338970.
210
What is the highest common divisor of 396282096 and 756?
252
What is the highest common factor of 565060028 and 7489?
7489
What is the greatest common factor of 1897 and 156990029?
1897
Calculate the highest common factor 